{"id":274,"date":"2018-03-26T12:09:52","date_gmt":"2018-03-26T10:09:52","guid":{"rendered":"http:\/\/localhost\/brb\/?page_id=274"},"modified":"2021-03-15T10:42:55","modified_gmt":"2021-03-15T09:42:55","slug":"service","status":"publish","type":"page","link":"https:\/\/www.brb-immoservice.de\/?page_id=274","title":{"rendered":"Service"},"content":{"rendered":"\t\t<div data-elementor-type=\"wp-post\" data-elementor-id=\"274\" class=\"elementor elementor-274\" data-elementor-post-type=\"page\">\n\t\t\t\t\t\t<section class=\"elementor-section elementor-top-section elementor-element elementor-element-5fff098 elementor-section-stretched elementor-section-full_width elementor-section-height-default elementor-section-height-default\" data-id=\"5fff098\" data-element_type=\"section\" data-e-type=\"section\" data-settings=\"{&quot;stretch_section&quot;:&quot;section-stretched&quot;}\">\n\t\t\t\t\t\t<div class=\"elementor-container elementor-column-gap-default\">\n\t\t\t\t\t<div class=\"elementor-column elementor-col-33 elementor-top-column elementor-element elementor-element-6b84efc\" data-id=\"6b84efc\" data-element_type=\"column\" data-e-type=\"column\">\n\t\t\t<div class=\"elementor-widget-wrap\">\n\t\t\t\t\t\t\t<\/div>\n\t\t<\/div>\n\t\t\t\t<div class=\"elementor-column elementor-col-33 elementor-top-column elementor-element elementor-element-7686a3c\" data-id=\"7686a3c\" data-element_type=\"column\" data-e-type=\"column\">\n\t\t\t<div class=\"elementor-widget-wrap elementor-element-populated\">\n\t\t\t\t\t\t<div class=\"elementor-element elementor-element-d022a13 elementor-widget elementor-widget-heading\" data-id=\"d022a13\" data-element_type=\"widget\" data-e-type=\"widget\" data-widget_type=\"heading.default\">\n\t\t\t\t<div class=\"elementor-widget-container\">\n\t\t\t\t\t<h1 class=\"elementor-heading-title elementor-size-default\">FAQ \u2013 H\u00c4UFIG GESTELLTE FRAGEN<\/h1>\t\t\t\t<\/div>\n\t\t\t\t<\/div>\n\t\t\t\t<div class=\"elementor-element elementor-element-70bc6f0 elementor-widget elementor-widget-spacer\" data-id=\"70bc6f0\" data-element_type=\"widget\" data-e-type=\"widget\" data-widget_type=\"spacer.default\">\n\t\t\t\t<div class=\"elementor-widget-container\">\n\t\t\t\t\t\t\t<div class=\"elementor-spacer\">\n\t\t\t<div class=\"elementor-spacer-inner\"><\/div>\n\t\t<\/div>\n\t\t\t\t\t\t<\/div>\n\t\t\t\t<\/div>\n\t\t\t\t<div class=\"elementor-element elementor-element-56c75ba elementor-widget elementor-widget-heading\" data-id=\"56c75ba\" data-element_type=\"widget\" data-e-type=\"widget\" data-widget_type=\"heading.default\">\n\t\t\t\t<div class=\"elementor-widget-container\">\n\t\t\t\t\t<h2 class=\"elementor-heading-title elementor-size-default\">Ich m\u00f6chte eine Wohnung in einem Ihrer Objekte anmieten. An wen kann ich mich wenden?<\/h2>\t\t\t\t<\/div>\n\t\t\t\t<\/div>\n\t\t\t\t<div class=\"elementor-element elementor-element-3f1c15b elementor-widget elementor-widget-text-editor\" data-id=\"3f1c15b\" data-element_type=\"widget\" data-e-type=\"widget\" data-widget_type=\"text-editor.default\">\n\t\t\t\t<div class=\"elementor-widget-container\">\n\t\t\t\t\t\t\t\t\t<p>Wenn Sie an der Anmietung einer Wohnung interessiert sind, besuchen Sie bitte unser <u><a href=\"https:\/\/wohnen-in-gruenheide.de\/\" target=\"_blank\" rel=\"noopener\"><span style=\"color: #ab9c53;\"><span style=\"text-decoration: underline;\">Vermietungsportal Gr\u00fcnheide<\/span><\/span><\/a><\/u>. Gerne k\u00f6nnen Sie auch \u00fcber unser <u style=\"color: #ab9c53;\"><a style=\"color: #ab9c53;\" href=\"http:\/\/brb-immoservice.de\/?page_id=276\">Kontaktformular<\/a><\/u> Ihr Anliegen mitteilen. Unsere Mitarbeiterinnen und Mitarbeiter setzen sich schnellstm\u00f6glich mit Ihnen in Verbindung.<\/p>\t\t\t\t\t\t\t\t<\/div>\n\t\t\t\t<\/div>\n\t\t\t\t<div class=\"elementor-element elementor-element-03007a8 elementor-widget elementor-widget-spacer\" data-id=\"03007a8\" data-element_type=\"widget\" data-e-type=\"widget\" data-widget_type=\"spacer.default\">\n\t\t\t\t<div class=\"elementor-widget-container\">\n\t\t\t\t\t\t\t<div class=\"elementor-spacer\">\n\t\t\t<div class=\"elementor-spacer-inner\"><\/div>\n\t\t<\/div>\n\t\t\t\t\t\t<\/div>\n\t\t\t\t<\/div>\n\t\t\t\t<div class=\"elementor-element elementor-element-eccdf8f elementor-widget elementor-widget-heading\" data-id=\"eccdf8f\" data-element_type=\"widget\" data-e-type=\"widget\" data-widget_type=\"heading.default\">\n\t\t\t\t<div class=\"elementor-widget-container\">\n\t\t\t\t\t<h2 class=\"elementor-heading-title elementor-size-default\">Ich m\u00f6chte eine Gewerbefl\u00e4che in einem Ihrer Objekte anmieten. An wen kann ich mich wenden?<\/h2>\t\t\t\t<\/div>\n\t\t\t\t<\/div>\n\t\t\t\t<div class=\"elementor-element elementor-element-d37c768 elementor-widget elementor-widget-text-editor\" data-id=\"d37c768\" data-element_type=\"widget\" data-e-type=\"widget\" data-widget_type=\"text-editor.default\">\n\t\t\t\t<div class=\"elementor-widget-container\">\n\t\t\t\t\t\t\t\t\t<p>Wenn Sie an der Anmietung von Gewerbefl\u00e4chen interessiert sind, setzen Sie sich bitte \u00fcber unser <u style=\"color: #ab9c53;\"><a style=\"color: #ab9c53;\" href=\"http:\/\/brb-immoservice.de\/?page_id=276\">Kontaktformular<\/a><\/u> mit uns in Verbindung. Unsere Mitarbeiterinnen und Mitarbeiter melden sich schnellstm\u00f6glich bei Ihnen.<\/p>\t\t\t\t\t\t\t\t<\/div>\n\t\t\t\t<\/div>\n\t\t\t\t<div class=\"elementor-element elementor-element-e16e10d elementor-widget elementor-widget-spacer\" data-id=\"e16e10d\" data-element_type=\"widget\" data-e-type=\"widget\" data-widget_type=\"spacer.default\">\n\t\t\t\t<div class=\"elementor-widget-container\">\n\t\t\t\t\t\t\t<div class=\"elementor-spacer\">\n\t\t\t<div class=\"elementor-spacer-inner\"><\/div>\n\t\t<\/div>\n\t\t\t\t\t\t<\/div>\n\t\t\t\t<\/div>\n\t\t\t\t<div class=\"elementor-element elementor-element-abaa288 elementor-widget elementor-widget-heading\" data-id=\"abaa288\" data-element_type=\"widget\" data-e-type=\"widget\" data-widget_type=\"heading.default\">\n\t\t\t\t<div class=\"elementor-widget-container\">\n\t\t\t\t\t<h2 class=\"elementor-heading-title elementor-size-default\">Welche Serviceleistung kann ich bei Bedarf\/auf Wunsch zus\u00e4tzlich erwarten?<\/h2>\t\t\t\t<\/div>\n\t\t\t\t<\/div>\n\t\t\t\t<div class=\"elementor-element elementor-element-c9189c6 elementor-widget elementor-widget-text-editor\" data-id=\"c9189c6\" data-element_type=\"widget\" data-e-type=\"widget\" data-widget_type=\"text-editor.default\">\n\t\t\t\t<div class=\"elementor-widget-container\">\n\t\t\t\t\t\t\t\t\t<p>Wenn Sie sich f\u00fcr eine Wohnung bei uns entschieden haben, sind wir Ihnen gerne beim Verkauf Ihrer Immobilie behilflich. Bitte wenden Sie sich hierf\u00fcr telefonisch an unsere Mitarbeiter*innen.<\/p><p>Wenn Sie sich f\u00fcr eine altengerechte Wohnung interessierten, sind wir Ihnen gerne bei der Reservierung eines Tagespflegeplatzes behilflich. Auch in diesem Falle setzen Sie sich bitte \u00fcber das <u style=\"color: #ab9c53;\"><a style=\"color: #ab9c53;\" href=\"http:\/\/brb-immoservice.de\/?page_id=276\">Kontaktformular<\/a><\/u> oder telefonisch mit unseren Mitarbeiter*innen in Verbindung.<\/p>\t\t\t\t\t\t\t\t<\/div>\n\t\t\t\t<\/div>\n\t\t\t\t<div class=\"elementor-element elementor-element-f33d609 elementor-widget elementor-widget-spacer\" data-id=\"f33d609\" data-element_type=\"widget\" data-e-type=\"widget\" data-widget_type=\"spacer.default\">\n\t\t\t\t<div class=\"elementor-widget-container\">\n\t\t\t\t\t\t\t<div class=\"elementor-spacer\">\n\t\t\t<div class=\"elementor-spacer-inner\"><\/div>\n\t\t<\/div>\n\t\t\t\t\t\t<\/div>\n\t\t\t\t<\/div>\n\t\t\t\t<div class=\"elementor-element elementor-element-1a34caa elementor-widget elementor-widget-heading\" data-id=\"1a34caa\" data-element_type=\"widget\" data-e-type=\"widget\" data-widget_type=\"heading.default\">\n\t\t\t\t<div class=\"elementor-widget-container\">\n\t\t\t\t\t<h2 class=\"elementor-heading-title elementor-size-default\">Wann kann ich die BRB telefonisch erreichen?<\/h2>\t\t\t\t<\/div>\n\t\t\t\t<\/div>\n\t\t\t\t<div class=\"elementor-element elementor-element-53dcb71 elementor-widget elementor-widget-text-editor\" data-id=\"53dcb71\" data-element_type=\"widget\" data-e-type=\"widget\" data-widget_type=\"text-editor.default\">\n\t\t\t\t<div class=\"elementor-widget-container\">\n\t\t\t\t\t\t\t\t\t<p>Sie erreichen unsere Mitarbeiter*innen unter der Rufnummer 03362 88971-0 zu folgenden Zeiten:<\/p>\n<p>Montag bis Donnerstag: 08:30 -17:30 Uhr<br>Freitag: 08:30 \u2013 15:00 Uhr<br><\/p>\t\t\t\t\t\t\t\t<\/div>\n\t\t\t\t<\/div>\n\t\t\t\t<div class=\"elementor-element elementor-element-a916565 elementor-widget elementor-widget-spacer\" data-id=\"a916565\" data-element_type=\"widget\" data-e-type=\"widget\" data-widget_type=\"spacer.default\">\n\t\t\t\t<div class=\"elementor-widget-container\">\n\t\t\t\t\t\t\t<div class=\"elementor-spacer\">\n\t\t\t<div class=\"elementor-spacer-inner\"><\/div>\n\t\t<\/div>\n\t\t\t\t\t\t<\/div>\n\t\t\t\t<\/div>\n\t\t\t\t\t<\/div>\n\t\t<\/div>\n\t\t\t\t<div class=\"elementor-column elementor-col-33 elementor-top-column elementor-element elementor-element-2e5883e\" data-id=\"2e5883e\" data-element_type=\"column\" data-e-type=\"column\">\n\t\t\t<div class=\"elementor-widget-wrap\">\n\t\t\t\t\t\t\t<\/div>\n\t\t<\/div>\n\t\t\t\t\t<\/div>\n\t\t<\/section>\n\t\t\t\t<\/div>\n\t\t","protected":false},"excerpt":{"rendered":"<p>FAQ \u2013 H\u00c4UFIG GESTELLTE FRAGEN Ich m\u00f6chte eine Wohnung in einem Ihrer Objekte anmieten. An wen kann ich mich wenden? Wenn Sie an der Anmietung einer Wohnung interessiert sind, besuchen Sie bitte unser Vermietungsportal Gr\u00fcnheide. Gerne k\u00f6nnen Sie auch \u00fcber unser Kontaktformular Ihr Anliegen mitteilen. Unsere Mitarbeiterinnen und Mitarbeiter setzen sich schnellstm\u00f6glich mit Ihnen in [&hellip;]<\/p>\n","protected":false},"author":1,"featured_media":0,"parent":0,"menu_order":0,"comment_status":"closed","ping_status":"closed","template":"","meta":{"footnotes":""},"class_list":["post-274","page","type-page","status-publish","hentry"],"_links":{"self":[{"href":"https:\/\/www.brb-immoservice.de\/index.php?rest_route=\/wp\/v2\/pages\/274","targetHints":{"allow":["GET"]}}],"collection":[{"href":"https:\/\/www.brb-immoservice.de\/index.php?rest_route=\/wp\/v2\/pages"}],"about":[{"href":"https:\/\/www.brb-immoservice.de\/index.php?rest_route=\/wp\/v2\/types\/page"}],"author":[{"embeddable":true,"href":"https:\/\/www.brb-immoservice.de\/index.php?rest_route=\/wp\/v2\/users\/1"}],"replies":[{"embeddable":true,"href":"https:\/\/www.brb-immoservice.de\/index.php?rest_route=%2Fwp%2Fv2%2Fcomments&post=274"}],"version-history":[{"count":37,"href":"https:\/\/www.brb-immoservice.de\/index.php?rest_route=\/wp\/v2\/pages\/274\/revisions"}],"predecessor-version":[{"id":1435,"href":"https:\/\/www.brb-immoservice.de\/index.php?rest_route=\/wp\/v2\/pages\/274\/revisions\/1435"}],"wp:attachment":[{"href":"https:\/\/www.brb-immoservice.de\/index.php?rest_route=%2Fwp%2Fv2%2Fmedia&parent=274"}],"curies":[{"name":"wp","href":"https:\/\/api.w.org\/{rel}","templated":true}]}}